{"id":527,"date":"2019-05-22T15:53:20","date_gmt":"2019-05-22T15:53:20","guid":{"rendered":"https:\/\/padrejuan.org\/?page_id=527"},"modified":"2022-06-20T16:16:13","modified_gmt":"2022-06-20T14:16:13","slug":"origenes","status":"publish","type":"page","link":"https:\/\/padrejuan.org\/index.php\/origenes\/","title":{"rendered":"Origenes"},"content":{"rendered":"<p>[et_pb_section fb_built=\u00bb1&#8243; _builder_version=\u00bb3.22&#8243; background_image=\u00bbhttps:\/\/padrejuan.org\/wp-content\/uploads\/2019\/03\/church-04.jpg\u00bb da_disable_devices=\u00bboff|off|off\u00bb global_colors_info=\u00bb{}\u00bb da_is_popup=\u00bboff\u00bb da_exit_intent=\u00bboff\u00bb da_has_close=\u00bbon\u00bb da_alt_close=\u00bboff\u00bb da_dark_close=\u00bboff\u00bb da_not_modal=\u00bbon\u00bb da_is_singular=\u00bboff\u00bb da_with_loader=\u00bboff\u00bb da_has_shadow=\u00bbon\u00bb][et_pb_row _builder_version=\u00bb3.25&#8243; global_colors_info=\u00bb{}\u00bb][et_pb_column type=\u00bb4_4&#8243; _builder_version=\u00bb3.25&#8243; custom_padding=\u00bb|||\u00bb global_colors_info=\u00bb{}\u00bb custom_padding__hover=\u00bb|||\u00bb][et_pb_text _builder_version=\u00bb3.27.4&#8243; text_font=\u00bb|700|||||||\u00bb text_font_size=\u00bb46px\u00bb text_line_height=\u00bb1.1em\u00bb global_colors_info=\u00bb{}\u00bb]<\/p>\n<p style=\"text-align: center;\">NUESTROS OR\u00cdGENES<\/p>\n<p>[\/et_pb_text][et_pb_text _builder_version=\u00bb3.27.4&#8243; text_font=\u00bb|700|||||||\u00bb text_font_size=\u00bb33px\u00bb text_line_height=\u00bb1.3em\u00bb global_colors_info=\u00bb{}\u00bb]<\/p>\n<p style=\"text-align: center;\">DE DONDE VENIMOS<\/p>\n<p>[\/et_pb_text][\/et_pb_column][\/et_pb_row][et_pb_row column_structure=\u00bb1_3,1_3,1_3&#8243; _builder_version=\u00bb3.25&#8243; global_colors_info=\u00bb{}\u00bb][et_pb_column type=\u00bb1_3&#8243; _builder_version=\u00bb3.25&#8243; custom_padding=\u00bb|||\u00bb global_colors_info=\u00bb{}\u00bb custom_padding__hover=\u00bb|||\u00bb][et_pb_image src=\u00bbhttps:\/\/padrejuan.org\/wp-content\/uploads\/2019\/05\/ejecutiva-lumen.jpg\u00bb align=\u00bbcenter\u00bb align_tablet=\u00bbcenter\u00bb align_phone=\u00bb\u00bb align_last_edited=\u00bbon|desktop\u00bb _builder_version=\u00bb3.23&#8243; border_radii=\u00bbon|13px|13px|13px|13px\u00bb box_shadow_style=\u00bbpreset1&#8243; global_colors_info=\u00bb{}\u00bb][\/et_pb_image][\/et_pb_column][et_pb_column type=\u00bb1_3&#8243; _builder_version=\u00bb3.25&#8243; custom_padding=\u00bb|||\u00bb global_colors_info=\u00bb{}\u00bb custom_padding__hover=\u00bb|||\u00bb][et_pb_image src=\u00bbhttps:\/\/padrejuan.org\/wp-content\/uploads\/2019\/05\/foto1.png\u00bb align=\u00bbcenter\u00bb align_tablet=\u00bbcenter\u00bb align_phone=\u00bb\u00bb align_last_edited=\u00bbon|desktop\u00bb _builder_version=\u00bb3.23&#8243; border_radii=\u00bbon|13px|13px|13px|13px\u00bb box_shadow_style=\u00bbpreset1&#8243; global_colors_info=\u00bb{}\u00bb][\/et_pb_image][\/et_pb_column][et_pb_column type=\u00bb1_3&#8243; _builder_version=\u00bb3.25&#8243; custom_padding=\u00bb|||\u00bb global_colors_info=\u00bb{}\u00bb custom_padding__hover=\u00bb|||\u00bb][et_pb_image src=\u00bbhttps:\/\/padrejuan.org\/wp-content\/uploads\/2019\/05\/ejecutiva-lumen-2.jpg\u00bb align=\u00bbcenter\u00bb align_tablet=\u00bbcenter\u00bb align_phone=\u00bb\u00bb align_last_edited=\u00bbon|desktop\u00bb _builder_version=\u00bb3.23&#8243; border_radii=\u00bbon|13px|13px|13px|13px\u00bb box_shadow_style=\u00bbpreset1&#8243; global_colors_info=\u00bb{}\u00bb][\/et_pb_image][\/et_pb_column][\/et_pb_row][et_pb_row _builder_version=\u00bb3.25&#8243; global_colors_info=\u00bb{}\u00bb][et_pb_column type=\u00bb4_4&#8243; _builder_version=\u00bb3.25&#8243; custom_padding=\u00bb|||\u00bb global_colors_info=\u00bb{}\u00bb custom_padding__hover=\u00bb|||\u00bb][et_pb_text _builder_version=\u00bb3.27.4&#8243; text_font=\u00bb||||||||\u00bb text_font_size=\u00bb20px\u00bb text_line_height=\u00bb1.8em\u00bb global_colors_info=\u00bb{}\u00bb]<\/p>\n<p style=\"text-align: justify;\">La<strong> Fundaci\u00f3n Padre Juan Schenk<\/strong>, con personalidad jur\u00eddica can\u00f3nica, tiene personalidad jur\u00eddica civil (n\u00ba 000718 de entidades religiosas), es una O.N.G. sin \u00e1nimo de lucro.<\/p>\n<p style=\"text-align: justify;\">Fue constituida por el Arzobispo de Valencia el <strong>Exmo Sr. Cardenal Agust\u00ed Garc\u00eda- Gasco Vicente<\/strong>, en fecha 12 de Febrero de 2003.<\/p>\n<p style=\"text-align: justify;\">Tiene su domicilio en la calle Isabel la Cat\u00f3lica, 17-6\u00aa de Valencia Espa\u00f1a.<\/p>\n<p style=\"text-align: justify;\">Esta Fundaci\u00f3n se rige teniendo en cuenta el esp\u00edritu del Padre JUAN SCHENK SANCHIS, fundador del Instituto Lumen Christi y la editorial Edicep.<\/p>\n<p style=\"text-align: justify;\">Actualmente el Patronato, que es el \u00f3rgano de gobierno, representaci\u00f3n y administraci\u00f3n de la Fundaci\u00f3n, est\u00e1 constituido por cinco miembros: tres del Instituto Secular Lumen Christi y dos de los fundadores.<\/p>\n<p style=\"text-align: justify;\">Este Patronato cre\u00f3 la secci\u00f3n <strong>Biblioteca Solidaria Misionera<\/strong> de ayuda a Hispano Am\u00e9rica, bajo el lema de<\/p>\n<p style=\"text-align: center;\"><strong>CULTURA CONTRA POBREZA<\/strong><\/p>\n<p style=\"text-align: justify;\">Tiene como objetivo el promover la formaci\u00f3n cultural en pa\u00edses de habla Hispana, atendiendo al esp\u00edritu fundacional, mediante la aportaci\u00f3n de libros y material escolar (para todos los niveles de ense\u00f1anza), en las zonas que lo soliciten, bien sea a <strong>Bibliotecas, Escuelas, Centros de Formaci\u00f3n Profesional, Conventos, Seminarios Cat\u00f3licos, Universidades de Hispano Am\u00e9rica, \u00c1frica<\/strong> y pa\u00edses donde existan Instituciones y Centros que lo necesiten.<\/p>\n<p>[\/et_pb_text][\/et_pb_column][\/et_pb_row][et_pb_row column_structure=\u00bb1_2,1_2&#8243; _builder_version=\u00bb3.25&#8243; global_colors_info=\u00bb{}\u00bb][et_pb_column type=\u00bb1_2&#8243; _builder_version=\u00bb3.25&#8243; custom_padding=\u00bb|||\u00bb global_colors_info=\u00bb{}\u00bb custom_padding__hover=\u00bb|||\u00bb][et_pb_image src=\u00bbhttps:\/\/padrejuan.org\/wp-content\/uploads\/2021\/01\/Nuestro-inspirador.png\u00bb align_tablet=\u00bbcenter\u00bb align_phone=\u00bb\u00bb align_last_edited=\u00bbon|desktop\u00bb _builder_version=\u00bb3.27.4&#8243; border_radii=\u00bbon|13px|13px|13px|13px\u00bb box_shadow_style=\u00bbpreset1&#8243; global_colors_info=\u00bb{}\u00bb][\/et_pb_image][\/et_pb_column][et_pb_column type=\u00bb1_2&#8243; _builder_version=\u00bb3.25&#8243; custom_padding=\u00bb|||\u00bb global_colors_info=\u00bb{}\u00bb custom_padding__hover=\u00bb|||\u00bb][et_pb_image src=\u00bbhttps:\/\/padrejuan.org\/wp-content\/uploads\/2019\/05\/FOTO5.png\u00bb align_tablet=\u00bbcenter\u00bb align_phone=\u00bb\u00bb align_last_edited=\u00bbon|desktop\u00bb _builder_version=\u00bb3.23&#8243; border_radii=\u00bbon|6px|6px|6px|6px\u00bb box_shadow_style=\u00bbpreset1&#8243; global_colors_info=\u00bb{}\u00bb][\/et_pb_image][\/et_pb_column][\/et_pb_row][et_pb_row _builder_version=\u00bb3.27.4&#8243; global_colors_info=\u00bb{}\u00bb][et_pb_column type=\u00bb4_4&#8243; _builder_version=\u00bb3.27.4&#8243; global_colors_info=\u00bb{}\u00bb][et_pb_divider _builder_version=\u00bb3.27.4&#8243; global_colors_info=\u00bb{}\u00bb][\/et_pb_divider][et_pb_text _builder_version=\u00bb3.27.4&#8243; text_font=\u00bb|700|||||||\u00bb text_font_size=\u00bb37px\u00bb text_letter_spacing=\u00bb1px\u00bb text_line_height=\u00bb1.8em\u00bb global_colors_info=\u00bb{}\u00bb]<\/p>\n<p style=\"text-align: center;\"><strong>Nueva andadura<\/strong><\/p>\n<p>[\/et_pb_text][\/et_pb_column][\/et_pb_row][et_pb_row column_structure=\u00bb1_2,1_2&#8243; _builder_version=\u00bb3.27.4&#8243; global_colors_info=\u00bb{}\u00bb][et_pb_column type=\u00bb1_2&#8243; _builder_version=\u00bb3.27.4&#8243; global_colors_info=\u00bb{}\u00bb][et_pb_image src=\u00bbhttps:\/\/padrejuan.org\/wp-content\/uploads\/2019\/05\/logotipo.png\u00bb _builder_version=\u00bb3.27.4&#8243; global_colors_info=\u00bb{}\u00bb][\/et_pb_image][et_pb_text _builder_version=\u00bb3.27.4&#8243; text_font=\u00bb|700|||||||\u00bb text_font_size=\u00bb22px\u00bb global_colors_info=\u00bb{}\u00bb]<\/p>\n<p style=\"text-align: center;\">Fundaci\u00f3n Padre Juan Schenk<\/p>\n<p>[\/et_pb_text][\/et_pb_column][et_pb_column type=\u00bb1_2&#8243; _builder_version=\u00bb3.27.4&#8243; global_colors_info=\u00bb{}\u00bb][et_pb_image src=\u00bbhttps:\/\/padrejuan.org\/wp-content\/uploads\/2019\/06\/LOGO-BIBLIOTECA-SOLIDARIA-DEFINITIVO.png\u00bb _builder_version=\u00bb3.27.4&#8243; global_colors_info=\u00bb{}\u00bb][\/et_pb_image][et_pb_text _builder_version=\u00bb3.27.4&#8243; text_font=\u00bb|700|||||||\u00bb text_font_size=\u00bb22px\u00bb global_colors_info=\u00bb{}\u00bb]<\/p>\n<p style=\"text-align: center;\">Biblioteca Solidaria Misionera de Ayuda a Hispanoam\u00e9rica<\/p>\n<p>[\/et_pb_text][\/et_pb_column][\/et_pb_row][et_pb_row _builder_version=\u00bb3.27.4&#8243; global_colors_info=\u00bb{}\u00bb][et_pb_column type=\u00bb4_4&#8243; _builder_version=\u00bb3.27.4&#8243; global_colors_info=\u00bb{}\u00bb][et_pb_text _builder_version=\u00bb3.27.4&#8243; text_font_size=\u00bb18px\u00bb text_letter_spacing=\u00bb1px\u00bb text_line_height=\u00bb1.8em\u00bb global_colors_info=\u00bb{}\u00bb]<\/p>\n<blockquote>\n<h1><strong style=\"font-size: 16px;\">En fecha 17 de diciembre del 2020 se constituye el nuevo Patronato de la Fundaci\u00f3n Padre Juan Schenk, as\u00ed como el cese de D\u00f1a. Bienvenida Garc\u00eda Molinero como presidenta y los nombramiento de nuevo patrono a D. Jos\u00e9 Calatayud Herrero y nuevos cargos de la Biblioteca Solidaria Misionera de Ayuda a Hispanoam\u00e9rica.<\/strong><\/h1>\n<p><strong>Estas modificaciones son elevadas a escritura p\u00fablica por la notar\u00eda de D. Joaqu\u00edn Sapena Davo, Valencia en fecha 18 de febrero del 2021, quedando los cargos como a continuaci\u00f3n se describen.<\/strong><\/p>\n<\/blockquote>\n<p>[\/et_pb_text][\/et_pb_column][\/et_pb_row][et_pb_row column_structure=\u00bb1_5,1_5,1_5,1_5,1_5&#8243; _builder_version=\u00bb3.27.4&#8243; global_colors_info=\u00bb{}\u00bb][et_pb_column type=\u00bb1_5&#8243; _builder_version=\u00bb3.25&#8243; custom_padding=\u00bb|||\u00bb global_colors_info=\u00bb{}\u00bb custom_padding__hover=\u00bb|||\u00bb][et_pb_team_member name=\u00bbAntonio Benlloch Poveda\u00bb position=\u00bbPresidente\u00bb image_url=\u00bbhttps:\/\/padrejuan.org\/wp-content\/uploads\/2021\/01\/IMG-20190920-WA0056.jpg\u00bb _builder_version=\u00bb3.27.4&#8243; position_text_color=\u00bb#000000&#8243; position_font_size=\u00bb15px\u00bb global_colors_info=\u00bb{}\u00bb][\/et_pb_team_member][\/et_pb_column][et_pb_column type=\u00bb1_5&#8243; _builder_version=\u00bb3.25&#8243; custom_padding=\u00bb|||\u00bb global_colors_info=\u00bb{}\u00bb custom_padding__hover=\u00bb|||\u00bb][et_pb_team_member name=\u00bbRafael Bellver Galvis\u00bb position=\u00bbSecretario\u00bb image_url=\u00bbhttps:\/\/padrejuan.org\/wp-content\/uploads\/2022\/04\/Imagen-3.jpg\u00bb _builder_version=\u00bb4.14.8&#8243; position_text_color=\u00bb#000000&#8243; position_font_size=\u00bb15px\u00bb global_colors_info=\u00bb{}\u00bb][\/et_pb_team_member][\/et_pb_column][et_pb_column type=\u00bb1_5&#8243; _builder_version=\u00bb3.25&#8243; custom_padding=\u00bb|||\u00bb global_colors_info=\u00bb{}\u00bb custom_padding__hover=\u00bb|||\u00bb][et_pb_team_member name=\u00bbJos\u00e9 Calatayud Herrero\u00bb position=\u00bbTesorero e intendente\u00bb image_url=\u00bbhttps:\/\/padrejuan.org\/wp-content\/uploads\/2021\/01\/IMG-20210105-WA0036-1.jpg\u00bb _builder_version=\u00bb3.27.4&#8243; position_text_color=\u00bb#000000&#8243; position_font_size=\u00bb15px\u00bb global_colors_info=\u00bb{}\u00bb][\/et_pb_team_member][\/et_pb_column][et_pb_column type=\u00bb1_5&#8243; _builder_version=\u00bb3.27.4&#8243; global_colors_info=\u00bb{}\u00bb][et_pb_team_member name=\u00bbBerta Hermosa Guadarrama, I.S. Lumen Christi\u00bb position=\u00bbVice-presidenta\u00bb image_url=\u00bbhttps:\/\/padrejuan.org\/wp-content\/uploads\/2021\/01\/berta-IMG-20181012-WA0054-1-e1610121507696.jpg\u00bb _builder_version=\u00bb3.27.4&#8243; header_font_size=\u00bb18px\u00bb position_text_color=\u00bb#000000&#8243; position_font_size=\u00bb15px\u00bb custom_padding=\u00bb0px|||||\u00bb global_colors_info=\u00bb{}\u00bb][\/et_pb_team_member][\/et_pb_column][et_pb_column type=\u00bb1_5&#8243; _builder_version=\u00bb3.25&#8243; custom_padding=\u00bb|||\u00bb global_colors_info=\u00bb{}\u00bb custom_padding__hover=\u00bb|||\u00bb][et_pb_team_member name=\u00bbPilar Taroncher Mora, I.S. Lumen Christi\u00bb position=\u00bbVocal\u00bb image_url=\u00bbhttps:\/\/padrejuan.org\/wp-content\/uploads\/2021\/01\/pilar-IMG-20181127-WA0009-e1610121382328.jpg\u00bb _builder_version=\u00bb3.27.4&#8243; position_text_color=\u00bb#000000&#8243; position_font_size=\u00bb15px\u00bb global_colors_info=\u00bb{}\u00bb][\/et_pb_team_member][\/et_pb_column][\/et_pb_row][et_pb_row _builder_version=\u00bb3.27.4&#8243; global_colors_info=\u00bb{}\u00bb][et_pb_column type=\u00bb4_4&#8243; _builder_version=\u00bb3.27.4&#8243; global_colors_info=\u00bb{}\u00bb][et_pb_text admin_label=\u00bbTexto\u00bb _builder_version=\u00bb4.14.8&#8243; text_font_size=\u00bb18px\u00bb text_letter_spacing=\u00bb1px\u00bb text_line_height=\u00bb1.8em\u00bb global_colors_info=\u00bb{}\u00bb]<\/p>\n<blockquote>\n<p><strong>Tras reconocer que de acuerdo con la documentaci\u00f3n presentada, la entidad re\u00fane los requisitos establecidos en el Art.32 de la Ley 23\/1998 de 7 de julio, de Cooperaci\u00f3n Internacional para el Desarrollo, para ser considerada una ONG de Desarrollo.<\/strong><\/p>\n<p><strong>En fecha 30\/05\/2022 a la Fundaci\u00f3n Padre Juan Schenk, se le notifica la resoluci\u00f3n de inscripci\u00f3n en el Registro de Organizaciones no Gubernamentales de Desarrollo (ONGD) con el N\u00ba 3.400.<\/strong><\/p>\n<\/blockquote>\n<p>[\/et_pb_text][et_pb_text admin_label=\u00bbTexto\u00bb _builder_version=\u00bb3.27.4&#8243; text_font_size=\u00bb18px\u00bb text_letter_spacing=\u00bb1px\u00bb text_line_height=\u00bb1.8em\u00bb global_colors_info=\u00bb{}\u00bb]<\/p>\n<blockquote>\n<p><b>Tambi\u00e9n se confecciona el organigrama de cargos y actuaciones de los Patronos y personal voluntario de la Fundaci\u00f3n Padre Juan Schenk y de la Biblioteca Solidaria Misionera de Ayuda a Hispanoam\u00e9rica.<\/b><\/p>\n<\/blockquote>\n<p>[\/et_pb_text][et_pb_image src=\u00bbhttps:\/\/padrejuan.org\/wp-content\/uploads\/2022\/06\/Organigrama-2022-1.png\u00bb title_text=\u00bbOrganigrama 2022&#8243; align=\u00bbcenter\u00bb _builder_version=\u00bb4.14.8&#8243; hover_enabled=\u00bb0&#8243; global_colors_info=\u00bb{}\u00bb sticky_enabled=\u00bb0&#8243;][\/et_pb_image][\/et_pb_column][\/et_pb_row][\/et_pb_section][et_pb_section fb_built=\u00bb1&#8243; _builder_version=\u00bb3.27.4&#8243; da_disable_devices=\u00bboff|off|off\u00bb global_colors_info=\u00bb{}\u00bb da_is_popup=\u00bboff\u00bb da_exit_intent=\u00bboff\u00bb da_has_close=\u00bbon\u00bb da_alt_close=\u00bboff\u00bb da_dark_close=\u00bboff\u00bb da_not_modal=\u00bbon\u00bb da_is_singular=\u00bboff\u00bb da_with_loader=\u00bboff\u00bb da_has_shadow=\u00bbon\u00bb][\/et_pb_section]<\/p>\n","protected":false},"excerpt":{"rendered":"<p>NUESTROS OR\u00cdGENESDE DONDE VENIMOSLa Fundaci\u00f3n Padre Juan Schenk, con personalidad jur\u00eddica can\u00f3nica, tiene personalidad jur\u00eddica civil (n\u00ba 000718 de entidades religiosas), es una O.N.G. sin \u00e1nimo de lucro. Fue constituida por el Arzobispo de Valencia el Exmo Sr. Cardenal Agust\u00ed Garc\u00eda- Gasco Vicente, en fecha 12 de Febrero de 2003. Tiene su domicilio en la [&hellip;]<\/p>\n","protected":false},"author":1,"featured_media":0,"parent":0,"menu_order":0,"comment_status":"closed","ping_status":"closed","template":"","meta":{"_et_pb_use_builder":"on","_et_pb_old_content":"","_et_gb_content_width":"","footnotes":""},"_links":{"self":[{"href":"https:\/\/padrejuan.org\/index.php\/wp-json\/wp\/v2\/pages\/527"}],"collection":[{"href":"https:\/\/padrejuan.org\/index.php\/wp-json\/wp\/v2\/pages"}],"about":[{"href":"https:\/\/padrejuan.org\/index.php\/wp-json\/wp\/v2\/types\/page"}],"author":[{"embeddable":true,"href":"https:\/\/padrejuan.org\/index.php\/wp-json\/wp\/v2\/users\/1"}],"replies":[{"embeddable":true,"href":"https:\/\/padrejuan.org\/index.php\/wp-json\/wp\/v2\/comments?post=527"}],"version-history":[{"count":40,"href":"https:\/\/padrejuan.org\/index.php\/wp-json\/wp\/v2\/pages\/527\/revisions"}],"predecessor-version":[{"id":3204,"href":"https:\/\/padrejuan.org\/index.php\/wp-json\/wp\/v2\/pages\/527\/revisions\/3204"}],"wp:attachment":[{"href":"https:\/\/padrejuan.org\/index.php\/wp-json\/wp\/v2\/media?parent=527"}],"curies":[{"name":"wp","href":"https:\/\/api.w.org\/{rel}","templated":true}]}}