{"id":354,"date":"2019-04-29T16:48:58","date_gmt":"2019-04-29T16:48:58","guid":{"rendered":"https:\/\/padrejuan.org\/?page_id=354"},"modified":"2022-06-20T18:06:27","modified_gmt":"2022-06-20T16:06:27","slug":"solicitud-de-libros","status":"publish","type":"page","link":"https:\/\/padrejuan.org\/index.php\/solicitud-de-libros\/","title":{"rendered":"Solicitud de libros"},"content":{"rendered":"<p>[et_pb_section fb_built=\u00bb1&#8243; _builder_version=\u00bb3.22&#8243; background_image=\u00bbhttps:\/\/padrejuan.org\/wp-content\/uploads\/2019\/04\/PORTADA-JUNIO-ANUARIO-CUENTAS.jpg\u00bb custom_padding=\u00bb54px|0|54px|0px|false|false\u00bb da_disable_devices=\u00bboff|off|off\u00bb global_colors_info=\u00bb{}\u00bb da_is_popup=\u00bboff\u00bb da_exit_intent=\u00bboff\u00bb da_has_close=\u00bbon\u00bb da_alt_close=\u00bboff\u00bb da_dark_close=\u00bboff\u00bb da_not_modal=\u00bbon\u00bb da_is_singular=\u00bboff\u00bb da_with_loader=\u00bboff\u00bb da_has_shadow=\u00bbon\u00bb][et_pb_row _builder_version=\u00bb3.25&#8243; global_colors_info=\u00bb{}\u00bb][et_pb_column type=\u00bb4_4&#8243; _builder_version=\u00bb3.25&#8243; custom_padding=\u00bb|||\u00bb global_colors_info=\u00bb{}\u00bb custom_padding__hover=\u00bb|||\u00bb][et_pb_text _builder_version=\u00bb3.27.4&#8243; text_font=\u00bb|700|||||||\u00bb text_font_size=\u00bb38px\u00bb text_letter_spacing=\u00bb3px\u00bb text_line_height=\u00bb1.8em\u00bb global_colors_info=\u00bb{}\u00bb]<\/p>\n<p style=\"text-align: center;\">SOLICITUD DE LIBROS Y MATERIAL ESCOLAR<\/p>\n<p>[\/et_pb_text][et_pb_button button_url=\u00bbhttps:\/\/padrejuan.org\/wp-content\/uploads\/2022\/06\/B.S.-HOJA-DE-PEDIDO-mod-07-.docx\u00bb url_new_window=\u00bbon\u00bb button_text=\u00bbDescargar Impreso de solicitud modelo 07&#8243; button_alignment=\u00bbcenter\u00bb _builder_version=\u00bb4.14.8&#8243; custom_button=\u00bbon\u00bb button_text_color=\u00bb#ffffff\u00bb button_bg_color=\u00bb#e09900&#8243; button_font=\u00bb||||||||\u00bb hover_enabled=\u00bb0&#8243; global_colors_info=\u00bb{}\u00bb sticky_enabled=\u00bb0&#8243;][\/et_pb_button][et_pb_text _builder_version=\u00bb3.27.4&#8243; text_font=\u00bb||||||||\u00bb text_font_size=\u00bb18px\u00bb text_line_height=\u00bb1.9em\u00bb quote_font=\u00bb||||||||\u00bb global_colors_info=\u00bb{}\u00bb]<\/p>\n<h2>\u00bfCOMO SOLICITAR LIBROS Y MATERIAL ESCOLAR A LA BIBLIOTECA SOLIDARIA MISIONERA?<\/h2>\n<p>Solo se precisa que rellene el impreso de solicitud que puede descargar m\u00e1s abajo y nos lo remita a la Biblioteca Solidaria Sede Industria o Sede de Alaqu\u00e1s.<br \/> Descargue el Modelo 07 \u00abHoja de pedido\u00ab, m\u00e1s abajo, y rellene los datos solicitados y marque con una \u00abX\u00bb en cada una de las materias que en ella figuran y que necesiten.<br \/> Si desea una materia no descrita en el formulario, haganoslo saber, si tenemos en existencia o conseguimos libros, se los enviaremos. Preg\u00fantenos.<\/p>\n<h2>TRAMITACI\u00d3N DEL PEDIDO Y CONDICIONES DE ENV\u00cdO<\/h2>\n<p>Todos los datos que aparecen en los impresos deben de estar cumplimentados; si surgiera alguna duda sobre los mismos, se pueden poner en contacto con nosotros por el correo electr\u00f3nico fundacionpadrejuan@gmail.com o mediante nuestro telf. 960151267 y 961578144 \u00f3 al 683117418.<br \/> Una vez con toda la documentaci\u00f3n en nuestro poder, se procede a confeccionar el pedido y prepararlo para el embarque a su destino.<br \/> Los libros, el embalaje, la tramitaci\u00f3n y el env\u00edo hasta puerto de destino son a cargo de Biblioteca Solidaria Misionera sin coste econ\u00f3mico para el solicitante.<br \/> El receptor, a partir del puerto de destino, correr\u00e1 con todos los gastos que devengan de desaduanar, as\u00ed como los gastos de retirada y manipulaci\u00f3n del mismo.<\/p>\n<p>[\/et_pb_text][et_pb_button button_url=\u00bbhttps:\/\/padrejuan.org\/wp-content\/uploads\/2022\/06\/B.S.-HOJA-DE-PEDIDO-mod-07-.docx\u00bb url_new_window=\u00bbon\u00bb button_text=\u00bbDescargar Impreso de solicitud modelo 07&#8243; button_alignment=\u00bbcenter\u00bb _builder_version=\u00bb4.14.8&#8243; custom_button=\u00bbon\u00bb button_text_color=\u00bb#ffffff\u00bb button_bg_color=\u00bb#e09900&#8243; button_font=\u00bb||||||||\u00bb hover_enabled=\u00bb0&#8243; global_colors_info=\u00bb{}\u00bb sticky_enabled=\u00bb0&#8243;][\/et_pb_button][et_pb_gallery gallery_ids=\u00bb370,369,372,373,374,375,376,377,378,379,380,381,382,383&#8243; posts_number=\u00bb8&#8243; show_title_and_caption=\u00bboff\u00bb _builder_version=\u00bb3.19.14&#8243; box_shadow_style_image=\u00bbpreset1&#8243; global_colors_info=\u00bb{}\u00bb][\/et_pb_gallery][\/et_pb_column][\/et_pb_row][\/et_pb_section]<\/p>\n","protected":false},"excerpt":{"rendered":"<p>SOLICITUD DE LIBROS Y MATERIAL ESCOLAR\u00bfCOMO SOLICITAR LIBROS Y MATERIAL ESCOLAR A LA BIBLIOTECA SOLIDARIA MISIONERA? Solo se precisa que rellene el impreso de solicitud que puede descargar m\u00e1s abajo y nos lo remita a la Biblioteca Solidaria Sede Industria o Sede de Alaqu\u00e1s. Descargue el Modelo 07 \u00abHoja de pedido\u00ab, m\u00e1s abajo, y rellene [&hellip;]<\/p>\n","protected":false},"author":1,"featured_media":0,"parent":0,"menu_order":0,"comment_status":"closed","ping_status":"closed","template":"","meta":{"_et_pb_use_builder":"on","_et_pb_old_content":"<!-- wp:divi\/placeholder \/-->","_et_gb_content_width":"","footnotes":""},"_links":{"self":[{"href":"https:\/\/padrejuan.org\/index.php\/wp-json\/wp\/v2\/pages\/354"}],"collection":[{"href":"https:\/\/padrejuan.org\/index.php\/wp-json\/wp\/v2\/pages"}],"about":[{"href":"https:\/\/padrejuan.org\/index.php\/wp-json\/wp\/v2\/types\/page"}],"author":[{"embeddable":true,"href":"https:\/\/padrejuan.org\/index.php\/wp-json\/wp\/v2\/users\/1"}],"replies":[{"embeddable":true,"href":"https:\/\/padrejuan.org\/index.php\/wp-json\/wp\/v2\/comments?post=354"}],"version-history":[{"count":22,"href":"https:\/\/padrejuan.org\/index.php\/wp-json\/wp\/v2\/pages\/354\/revisions"}],"predecessor-version":[{"id":3219,"href":"https:\/\/padrejuan.org\/index.php\/wp-json\/wp\/v2\/pages\/354\/revisions\/3219"}],"wp:attachment":[{"href":"https:\/\/padrejuan.org\/index.php\/wp-json\/wp\/v2\/media?parent=354"}],"curies":[{"name":"wp","href":"https:\/\/api.w.org\/{rel}","templated":true}]}}